{"id":740,"date":"2026-03-12T14:27:50","date_gmt":"2026-03-12T14:27:50","guid":{"rendered":"https:\/\/derwaldrauscht.de\/?page_id=740"},"modified":"2026-03-12T14:27:50","modified_gmt":"2026-03-12T14:27:50","slug":"wald-auf-wunsch","status":"publish","type":"page","link":"https:\/\/derwaldrauscht.de\/?page_id=740","title":{"rendered":"Wald auf Wunsch"},"content":{"rendered":"\n<p>Es gibt die M\u00f6glichkeit sich einen Wald zeichnen zu lassen, der besonders am Herzen liegt.<\/p>\n\n\n\n<p>Ich mache mehr und mehr die Erfahrung, dass Menschen gern Original Tuschezeichnungen von W\u00e4ldern kaufen, zu denen sie eine Beziehung haben. Dem w\u00fcrde ich gern entgegenkommen. Wenn es eine Gegend im Wald oder ein bestimmtes Waldgebiet gibt, das sie aus der Kindheit oder in Ihrer Umgebung sehr m\u00f6gen, dann kann ich f\u00fcr Sie diese Landschaft mit Zeichenfeder und Tusche auf B\u00fcttenpapier festhalten.&nbsp;<\/p>\n\n\n\n<p>Wie meine ausgesuchten Waldbilder w\u00fcrde ich die Zeichnung nach einer Fotografie anfertigen. Alle Wald-Bilder sind nach real existierenden Orten entstanden.<\/p>\n\n\n\n<p>Die Preise richten sich nach der Gr\u00f6\u00dfe des Bildes und Dichte des Waldes. Eine 19 x 25cm gro\u00dfe Zeichnung die gut in einen 31,5 x &nbsp;41,5cm gro\u00dfen Rahmen passt (1. Foto) w\u00fcrde ca. 1000 \u20ac plus Rahmen und Passepartout (auf Wunsch) kosten.<\/p>\n\n\n\n<p>Schreiben sie mir gern, wenn Sie gern so eine Zeichnung erwerben m\u00f6chten.<\/p>\n\n\n\n<p>\u00dcber&nbsp;<a href=\"mailto:info@derwaldrauscht.de\" class=\"\">info@derwaldrauscht.de<\/a>&nbsp;k\u00f6nnen Sie mit mir in Kontakt treten. Ich freue mich \u00fcber Ihre Anfrage!&nbsp;<\/p>\n\n\n\n<figure class=\"wp-block-image size-full\"><img loading=\"lazy\" width=\"474\" height=\"597\" src=\"https:\/\/derwaldrauscht.de\/wp-content\/uploads\/2026\/03\/IMG_7334-2.jpg\" alt=\"\" class=\"wp-image-741\" srcset=\"https:\/\/derwaldrauscht.de\/wp-content\/uploads\/2026\/03\/IMG_7334-2.jpg 474w, https:\/\/derwaldrauscht.de\/wp-content\/uploads\/2026\/03\/IMG_7334-2-238x300.jpg 238w\" sizes=\"(max-width: 474px) 100vw, 474px\" \/><\/figure>\n","protected":false},"excerpt":{"rendered":"<p>Es gibt die M\u00f6glichkeit sich einen Wald zeichnen zu lassen, der besonders am Herzen liegt. Ich mache mehr und mehr die Erfahrung, dass Menschen gern Original Tuschezeichnungen von W\u00e4ldern kaufen, zu denen sie eine Beziehung haben. Dem w\u00fcrde ich gern entgegenkommen. Wenn es eine Gegend im Wald oder ein bestimmtes Waldgebiet gibt, das sie aus &hellip; <\/p>\n<p class=\"link-more\"><a href=\"https:\/\/derwaldrauscht.de\/?page_id=740\" class=\"more-link\"><span class=\"screen-reader-text\">\u201eWald auf Wunsch\u201c<\/span> weiterlesen<\/a><\/p>\n","protected":false},"author":1,"featured_media":0,"parent":0,"menu_order":0,"comment_status":"closed","ping_status":"closed","template":"","meta":{"ngg_post_thumbnail":0},"_links":{"self":[{"href":"https:\/\/derwaldrauscht.de\/index.php?rest_route=\/wp\/v2\/pages\/740"}],"collection":[{"href":"https:\/\/derwaldrauscht.de\/index.php?rest_route=\/wp\/v2\/pages"}],"about":[{"href":"https:\/\/derwaldrauscht.de\/index.php?rest_route=\/wp\/v2\/types\/page"}],"author":[{"embeddable":true,"href":"https:\/\/derwaldrauscht.de\/index.php?rest_route=\/wp\/v2\/users\/1"}],"replies":[{"embeddable":true,"href":"https:\/\/derwaldrauscht.de\/index.php?rest_route=%2Fwp%2Fv2%2Fcomments&post=740"}],"version-history":[{"count":1,"href":"https:\/\/derwaldrauscht.de\/index.php?rest_route=\/wp\/v2\/pages\/740\/revisions"}],"predecessor-version":[{"id":742,"href":"https:\/\/derwaldrauscht.de\/index.php?rest_route=\/wp\/v2\/pages\/740\/revisions\/742"}],"wp:attachment":[{"href":"https:\/\/derwaldrauscht.de\/index.php?rest_route=%2Fwp%2Fv2%2Fmedia&parent=740"}],"curies":[{"name":"wp","href":"https:\/\/api.w.org\/{rel}","templated":true}]}}

<p>Es gibt die Möglichkeit sich einen Wald zeichnen zu lassen, der besonders am Herzen liegt.</p>



<p>Ich mache mehr und mehr die Erfahrung, dass Menschen gern Original Tuschezeichnungen von Wäldern kaufen, zu denen sie eine Beziehung haben. Dem würde ich gern entgegenkommen. Wenn es eine Gegend im Wald oder ein bestimmtes Waldgebiet gibt, das sie aus der Kindheit oder in Ihrer Umgebung sehr mögen, dann kann ich für Sie diese Landschaft mit Zeichenfeder und Tusche auf Büttenpapier festhalten.&nbsp;</p>



<p>Wie meine ausgesuchten Waldbilder würde ich die Zeichnung nach einer Fotografie anfertigen. Alle Wald-Bilder sind nach real existierenden Orten entstanden.</p>



<p>Die Preise richten sich nach der Größe des Bildes und Dichte des Waldes. Eine 19 x 25cm große Zeichnung die gut in einen 31,5 x &nbsp;41,5cm großen Rahmen passt (1. Foto) würde ca. 1000 € plus Rahmen und Passepartout (auf Wunsch) kosten.</p>



<p>Schreiben sie mir gern, wenn Sie gern so eine Zeichnung erwerben möchten.</p>



<p>Über&nbsp;<a href="mailto:info@derwaldrauscht.de" class="">info@derwaldrauscht.de</a>&nbsp;können Sie mit mir in Kontakt treten. Ich freue mich über Ihre Anfrage!&nbsp;</p>



<figure class="wp-block-image size-full"><img loading="lazy" width="474" height="597" src="https://derwaldrauscht.de/wp-content/uploads/2026/03/IMG_7334-2.jpg" alt="" class="wp-image-741" srcset="https://derwaldrauscht.de/wp-content/uploads/2026/03/IMG_7334-2.jpg 474w, https://derwaldrauscht.de/wp-content/uploads/2026/03/IMG_7334-2-238x300.jpg 238w" sizes="(max-width: 474px) 100vw, 474px" /></figure>

<p>Es gibt die Möglichkeit sich einen Wald zeichnen zu lassen, der besonders am Herzen liegt. Ich mache mehr und mehr die Erfahrung, dass Menschen gern Original Tuschezeichnungen von Wäldern kaufen, zu denen sie eine Beziehung haben. Dem würde ich gern entgegenkommen. Wenn es eine Gegend im Wald oder ein bestimmtes Waldgebiet gibt, das sie aus &hellip; </p>
<p class="link-more"><a href="https://derwaldrauscht.de/?page_id=740" class="more-link"><span class="screen-reader-text">„Wald auf Wunsch“</span> weiterlesen</a></p>
